10, 0 = -5*i - 4*x + y. What are the prime factors of -3*i/6*-13?
13
Let x be 58/12 + 4/24. Let k(r) = -r**2 + 5*r - 5. Let n be k(x). Let f(j) = j**2 + 3*j + 1. List the prime factors of f(n).
11
Let l = -17 + 18. Let f be 55/l*24/30. Suppose 4*r - 36 - f = 0. What are the prime factors of r?
2, 5
Let k be 12/8 + (-2)/(-4). Let w = k - -2. Suppose 0 = y + 3*t - 30, -5*t + 157 - 23 = w*y. List the prime factors of y.
2, 3
Let o(d) = 28*d + 48. What are the prime factors of o(19)?
2, 5, 29
Let t(u) = -u**3 - 2*u**2 + 10*u + 1. Let p be t(-5). List the prime factors of (-4 + 3)*p*3/(-6).
13
Let d be 454/8 + 5/20. Suppose g + 18 - d = 0. What are the prime factors of g?
3, 13
Suppose -2*q + q + 18 = -4*o, 4*q - 3*o - 33 = 0. Let l be q/4*(-92)/3. What are the prime factors of 15/(-25)*(l - -1)?
3
Let q = -94 - -182. List the prime factors of q.
2, 11
Let x = 73 - -7. Let q = 142 - x. What are the prime factors of q?
2, 31
Let s = 1691 + -935. What are the prime factors of s?
2, 3, 7
List the prime factors of (7299/21)/(-10 + (-142)/(-14)).
3, 811
Suppose 84*h = 72895 + 84689. List the prime factors of h.
2, 7, 67
Let a(o) = -o**3 + 9*o**2 - 6*o + 2. Suppose 0*g + 3*g - 36 = -3*f, -3*g + 50 = 5*f. Let c be a(f). Suppose c = w + w. What are the prime factors of w?
29
Let s = 8 + -6. What are the prime factors of s + -1 + 16 + 16?
3, 11
Let r(o) = 5*o**3 - 3*o**2 - 8*o + 10. Let l(h) = -h**3 - h**2 + h - 1. Let d(u) = -4*l(u) - r(u). What are the prime factors of d(5)?
2
Let b = 2531 + -1684. List the prime factors of b.
7, 11
Let n = -637 - -726. What are the prime factors of n?
89
Suppose 0 = -3*x - 4*d + 391, 5*d = -3*x - 32 + 418. What are the prime factors of x?
137
Let o(z) = 4*z**2 - 4*z + 11. Let d be o(-7). Suppose 75*k - d = 70*k. List the prime factors of k.
47
Let g(x) = -x**3 + 11*x**2 + 3*x - 2. Suppose -3*w + 22 = 4*t - w, -2*t + 5*w = 19. Suppose -44 = -o - t*o. List the prime factors of g(o).
31
Suppose 0 = 4*m - 18 + 6, m = 5*y - 37. Let l(g) = -g - 6. Let v be l(y). Let c = v + 36. List the prime factors of c.
2, 11
Let c = 57 - 57. Suppose c = -4*w, 3*o - 2*w - 813 = -w. What are the prime factors of o?
271
Let y(g) = -g**2 + 7*g + 4*g + 11 - 3*g. Let i be y(9). List the prime factors of 8/2 + (i - -14).
2, 5
Suppose 593 = 4*g - 2*i - 453, 0 = 4*g - 5*i - 1055. What are the prime factors of g?
2, 5, 13
Suppose -3908 - 1465 = -5*q - z, 4*q - z - 4302 = 0. List the prime factors of q.
5, 43
Let g(j) = j**2 - 5*j + 2. Suppose 0 = 5*n + 5*m + 45, 3*n + m + 22 = -7. Let y(d) = d**2 + 8*d - 15. Let o be y(n). What are the prime factors of g(o)?
2
Suppose 4*n - 17976 = -4604. What are the prime factors of n?
3343
Let w(s) be the third derivative of 23*s**6/720 + s**4/12 - 2*s**2. Let d(m) be the second derivative of w(m). List the prime factors of d(1).
23
List the prime factors of (((-470910)/(-40))/(-11))/(6/(-8)).
1427
Suppose 3*k - 388 = 302. List the prime factors of k.
2, 5, 23
What are the prime factors of 4/(-40) + 1182061/310?
3, 31, 41
Suppose -4*w + 5*p - 2*p + 104 = 0, 0 = w - 4*p - 26. List the prime factors of (w/(-6))/(4/(-3*4)).
13
Suppose j + 2685 = 4*c, -2*c - 3*j + 2010 = c. Suppose 0 = 7*v - c - 414. What are the prime factors of v?
5, 31
Suppose 6622 = 8*s + 3*s. What are the prime factors of s?
2, 7, 43
Suppose 2*b - 5*c - 1511 = 1962, 5223 = 3*b - 3*c. What are the prime factors of b?
2, 109
Suppose -2*n - 4*c - 8 = 0, -5*n + 0*c + 22 = -4*c. Suppose 9 = -n*g + 5*g. Suppose -g*u + 5*b + 179 = 0, -u + 94 - 23 = 4*b. What are the prime factors of u?
3, 7
Let m(x) = -6*x + 1. Suppose -5*l + 2*b - 5 = 0, -3*b - 14 = -2*l + b. Let r be m(l). Suppose 0 = 2*h + 3 - r. List the prime factors of h.
2
Suppose t = -2*o - 0*t + 114, 0 = t + 4. Let w = o - 2. List the prime factors of w.
3, 19
Let x be 4*(2 + -3) + (-7)/(-1). Suppose -x*u + 845 = -70. What are the prime factors of u?
5, 61
Let p(w) = -2*w + 2. Let g be p(5). Let b = 41 + g. Suppose r + 7 = 4*o - b, 40 = 4*o - 2*r. What are the prime factors of o?
2, 5
Let o = -10 + 10. Suppose o = 3*h + 3, 153 = 5*q - 4*h - 51. Let b = q + -14. List the prime factors of b.
2, 13
Suppose 5*y + 943 = -4*o, 2*y - 117 = o + 135. Let p = o + 418. What are the prime factors of p?
2, 11
Suppose 2 = m + 4*l, 0*l + 3*l = -2*m + 4. Let f = m + -6. Let w = f + 51. List the prime factors of w.
47
Suppose 3*v + 19 = 2*c + 2, c = 3*v + 19. Let s(l) = l**2 + 4*l - 13. What are the prime factors of s(v)?
2
Let m(t) = -4*t + 7. Let x be m(6). Let z be (9/6)/(((-14)/12)/7). What are the prime factors of (x/(-3))/(z/(-27))?
17
Let v be (0/(-1))/4 + 0. Let m(l) = -4*l + 71. What are the prime factors of m(v)?
71
Suppose -5*q + 17 = -3. Suppose -q*f + 105 = -y, 4*y = -5*f - 4 + 151. List the prime factors of f.
3
Let f be (-51)/34*8/(-6). Suppose 0 = -5*x + 17 - f. Suppose -g = -2*g - x*t - 3, 5*t = -g - 9. What are the prime factors of g?
2, 3
Suppose w - 1 = -2*i, 2*w - 4 + 20 = 5*i. Let p = w + 6. Suppose -p*z = -8 + 2. What are the prime factors of z?
2
Let g = 2 - 14. Let q(k) = -k**3 - 11*k**2 + 7*k - 14. What are the prime factors of q(g)?
2, 23
Let d(t) = -t - 4*t**2 - t**3 + 15*t**2 - 4 + 16*t. Let o(b) = b + 24. Let v be o(-12). What are the prime factors of d(v)?
2
Let m = -47 + 82. Let w = m - 32. List the prime factors of w.
3
Suppose 4*g + a = 17, -3*g - g = -4*a - 12. Suppose 8*y - 4*z = 4*y + 652, 3*y = g*z + 485. List the prime factors of y.
167
Let a be (4 - -1) + (0 - 1). Let q(m) = -m**3 + 2*m**2 + 9*m - 6. Let d be q(a). List the prime factors of 2 - (-45 + (d - -4)).
3, 5
Let f(t) = t**3 - 9*t**2 + 8*t + 11. Let m be f(8). Suppose -448 - 938 = -m*h. What are the prime factors of h?
2, 3, 7
Let l(o) = -3*o**3 + 3*o**2 - 26*o - 18. What are the prime factors of l(-8)?
2, 7, 137
Suppose 9*u - 9 = 9. List the prime factors of 1 + 16*u + 8/(-8).
2
Let i(r) = 429*r - 222. List the prime factors of i(13).
3, 5, 7, 17
Let y(u) = u**3 + 7*u**2 - 8*u - 10. Let a be y(-7). Let h = a - -1. Suppose h = 2*r - r. List the prime factors of r.
47
Let c be 3/(-6)*(0 + 0). Suppose c = b - 4*b - 54. List the prime factors of (-453)/b - 1/6.
5
What are the prime factors of 0 - ((4 - 6) + -417)?
419
Let g(d) = d**2 + 7*d - 8. Let b(k) = -k**3 + 9*k**2 - 10*k + 17. Let x be b(8). Let h be (10 - x) + (-9)/3. What are the prime factors of g(h)?
2, 5, 7
Suppose 0 = 23*g - 29*g + 2196. List the prime factors of g.
2, 3, 61
Let l = 925 - 304. List the prime factors of l.
3, 23
Suppose -x + 108 = 2*x. List the prime factors of -1 + 30 + x/(-9).
5
Let a(t) = -9*t**3 + t**2 + 2*t + 1. Suppose -2*v - 2*b + 4*b = 12, -2*b = 3*v - 7. Let y be a(v). List the prime factors of (105/y)/(-5)*-3.
7
Let j = -2423 + 3402. What are the prime factors of j?
11, 89
Suppose 2*z + 2*f = 156, -78 = 2*z - 3*z - 3*f. Suppose 2*p + p - z = 0. What are the prime factors of p?
2, 13
Suppose 15*g - 38808 = -13*g. List the prime factors of g.
2, 3, 7, 11
Suppose 0 = -g + 47*k - 48*k + 523, -1557 = -3*g + k. List the prime factors of g.
2, 5, 13
Suppose -7*r = -28 - 7. Let d(h) = -5*h - 11. Let t(x) = 5*x + 10. Let f(s) = 5*d(s) + 6*t(s). List the prime factors of f(r).
2, 3, 5
Let i(m) = -m**3 - 2*m**2 - 2*m - 1. Let o be i(-1). Suppose -2*f - 2*b - 2*b + 184 = o, -261 = -3*f - 3*b. List the prime factors of f.
2, 41
Let c = 983 - -707. What are the prime factors of c?
2, 5, 13
Suppose 3906 + 6624 = 15*t. List the prime factors of t.
2, 3, 13
Suppose 0 = 3*k + o + 3*o + 52, -5 = -o. Let w be 2/3 + 158/6. Let x = k + w. List the prime factors of x.
3
Suppose 11*o - 8748 = 8*o + 3*w, w = 3*o - 8742. List the prime factors of o.
3, 971
Suppose 2*v - 1054 = -2*k, -2*v - 2*k + 1038 = -4*k. What are the prime factors of v?
523
Let t = 1041 + -654. What are the prime factors of t?
3, 43
Let p(w) = 2*w**2 - 4*w - 12. Let h be (19/57)/(1/9). Suppose 2*o = -h - 7. What are the prime factors of p(o)?
2, 29
Let r = 111 + -110. List the prime factors of ((-190)/(-30))/(r/36).
2, 3, 19
Let y = 1245 + 971. What are the prime factors of y?
2, 277
Suppose l + w - 6 = 0, -5*w - 18 = l - 4*l. List the prime factors of 422/l + 6/9.
71
Let t = 16 - 11. Suppose -7*g + 9*g - 3*k = 13, -8 = -g + 3*k. Suppose -m = g*l + 7, -t*m + l - 2*l = -85. List 